{"id":9,"date":"2018-03-23T13:40:37","date_gmt":"2018-03-23T12:40:37","guid":{"rendered":"http:\/\/fechtsport-online.de\/?page_id=9"},"modified":"2025-11-25T10:11:17","modified_gmt":"2025-11-25T09:11:17","slug":"kontakt","status":"publish","type":"page","link":"https:\/\/fechtsport-online.de\/?page_id=9","title":{"rendered":"Kontakt"},"content":{"rendered":"<p>SV Gr\u00fcn Wei\u00df Delmenhorst e.V.<br \/>\nHoykenkamper Weg 31 ( Gesch\u00e4ftsstelle )<\/p>\n<p>27753 Delmenhorst<\/p>\n<p><a href=\"fechten@sv-gwdel.de\">\u00a0fechten@sv-gwdel.de<\/a><\/p>\n<p>Telefon:<\/p>\n<ol>\n<li style=\"list-style-type: none;\">\n<ol>\n<li>Vorsitzende: Lara Dreyer 01755519603<\/li>\n<li>Vorsitzende: Julia von Poblotzki 016094739576<\/li>\n<\/ol>\n<\/li>\n<\/ol>\n","protected":false},"excerpt":{"rendered":"<p>SV Gr\u00fcn Wei\u00df Delmenhorst e.V. Hoykenkamper Weg 31 ( Gesch\u00e4ftsstelle ) 27753 Delmenhorst \u00a0fechten@sv-gwdel.de Telefon: Vorsitzende: Lara Dreyer 01755519603 Vorsitzende: Julia von Poblotzki 016094739576<\/p>\n","protected":false},"author":2,"featured_media":38,"parent":0,"menu_order":0,"comment_status":"closed","ping_status":"closed","template":"","meta":{"footnotes":""},"class_list":["post-9","page","type-page","status-publish","has-post-thumbnail","hentry"],"_links":{"self":[{"href":"https:\/\/fechtsport-online.de\/index.php?rest_route=\/wp\/v2\/pages\/9","targetHints":{"allow":["GET"]}}],"collection":[{"href":"https:\/\/fechtsport-online.de\/index.php?rest_route=\/wp\/v2\/pages"}],"about":[{"href":"https:\/\/fechtsport-online.de\/index.php?rest_route=\/wp\/v2\/types\/page"}],"author":[{"embeddable":true,"href":"https:\/\/fechtsport-online.de\/index.php?rest_route=\/wp\/v2\/users\/2"}],"replies":[{"embeddable":true,"href":"https:\/\/fechtsport-online.de\/index.php?rest_route=%2Fwp%2Fv2%2Fcomments&post=9"}],"version-history":[{"count":9,"href":"https:\/\/fechtsport-online.de\/index.php?rest_route=\/wp\/v2\/pages\/9\/revisions"}],"predecessor-version":[{"id":181,"href":"https:\/\/fechtsport-online.de\/index.php?rest_route=\/wp\/v2\/pages\/9\/revisions\/181"}],"wp:featuredmedia":[{"embeddable":true,"href":"https:\/\/fechtsport-online.de\/index.php?rest_route=\/wp\/v2\/media\/38"}],"wp:attachment":[{"href":"https:\/\/fechtsport-online.de\/index.php?rest_route=%2Fwp%2Fv2%2Fmedia&parent=9"}],"curies":[{"name":"wp","href":"https:\/\/api.w.org\/{rel}","templated":true}]}}

<p>SV Grün Weiß Delmenhorst e.V.<br />
Hoykenkamper Weg 31 ( Geschäftsstelle )</p>
<p>27753 Delmenhorst</p>
<p><a href="fechten@sv-gwdel.de"> fechten@sv-gwdel.de</a></p>
<p>Telefon:</p>
<ol>
<li style="list-style-type: none;">
<ol>
<li>Vorsitzende: Lara Dreyer 01755519603</li>
<li>Vorsitzende: Julia von Poblotzki 016094739576</li>
</ol>
</li>
</ol>

<p>SV Grün Weiß Delmenhorst e.V. Hoykenkamper Weg 31 ( Geschäftsstelle ) 27753 Delmenhorst  fechten@sv-gwdel.de Telefon: Vorsitzende: Lara Dreyer 01755519603 Vorsitzende: Julia von Poblotzki 016094739576</p>
