{"id":2,"date":"2018-03-22T14:07:03","date_gmt":"2018-03-22T14:07:03","guid":{"rendered":"http:\/\/fechtsport-online.de\/?page_id=2"},"modified":"2018-03-23T13:59:00","modified_gmt":"2018-03-23T12:59:00","slug":"sample-page","status":"publish","type":"page","link":"https:\/\/fechtsport-online.de\/?page_id=2","title":{"rendered":"Geschichte des Fechtens in Delmenhorst"},"content":{"rendered":"<p><strong>Personalisierte Sportgeschichte: Heinrich Kleemeyer und das Fechten<\/strong><\/p>\n<p>Fechten ist eine Kunst ohne T\u00fccke \u2013 ein ehrlicher, sauberer, fairer Kampf.<br \/>\nEin Kampf freilich, der in fr\u00fcheren Zeiten zumeist t\u00f6dlich ausging und bei dem bis ins 15. Jahrhundert hinein alle Mittel erlaubt waren. Nicht zuletzt durch die Erfindung leichter Waffen entwickelte er sich dann zu einer sportlichen Disziplin mit t\u00e4nzerischer Eleganz. Ob Duell aus Leidenschaft oder zu Leistungszwecken \u2013 die Anforderungen sowohl in k\u00f6rperlicher als auch in moralischer Hinsicht sind au\u00dferordentlich. Eine blitzschnelle Reaktion ist ebenso wichtig wie eine hohe Sensibilit\u00e4t, die von den Haar- bis in die Zehenspitzen reichen muss. Aber auch R\u00fccksichtnahme und strenge Disziplinierung sind elementare Bestandteile des Fechtsports.<\/p>\n<p>Heinrich Kleemeyer ist der ber\u00fchmteste Delmenhorster Fechtmeister, und man wei\u00df nicht, was eigentlich mehr an ihm besticht: seine turnerische Beh\u00e4ndigkeit und die damit verbundene Eleganz der Bewegungen, die den lebenslang ge\u00fcbten Fechter verr\u00e4t \u2013 oder die blitzenden Augen, die 84 lebenserfahrene Jahre widerspiegeln?<br \/>\nKleemeyer \u2013 K\u00fcnstler, Maler, Grafiker \u2013 besitzt eine feine Antenne f\u00fcr \u00e4u\u00dferliche und innere Vorg\u00e4nge, f\u00fcr Menschen und Ereignisse. Seine Dynamik zeigt sich in Spontaneit\u00e4t und Kreativit\u00e4t, mit der er die Entwicklung des Delmenhorster Fechtsports vorantrieb. Er ist Ehrenvorsitzender des Fechtclubs \u201eGr\u00fcn-Wei\u00df\u201c, dessen Geschichte im Jahr 1921 begann.<\/p>\n<p>Damals tr\u00e4umten sieben junge Turner des DTV davon, innerhalb ihres \u00dcbungsbetriebes eine Fechtgruppe aufzubauen. Heinrich Kleemeyer wird vielleicht, weil er schlank und beh\u00e4nd, sicher aber ungemein engagiert ist, dazu ausersehen, das Handwerkszeug gr\u00fcndlich im Bremer Arbeiter-Turnverein zu erlernen und das Know-how zur\u00fcck in die Delmestadt zu bringen. Es dauert nicht lange, und der ebenso begabte wie begeisterte junge Mann f\u00fchrt im DTV die ersten Fechtsch\u00fcler zum Erfolg. Zur Mannschaft erster Stunde geh\u00f6ren Karl Schofeldt, Willi Hahn, Arthur Segelken, Gustav Mundt, Franz M\u00fcller. Nat\u00fcrlich lernt Kleemeyer auch seine sp\u00e4tere Frau Anna beim Fechten kennen \u2013 sie besiegt den Meister mit eigenen Waffen. Vier T\u00f6chter werden zum Teil das Fechterbe der Eltern \u00fcbernehmen\u2026<\/p>\n<p>Stolze Fotos k\u00fcnden von einem k\u00fchnen Sportgeist aus dieser Zeit, in der gerade die Fechtdisziplin einen hohen Stellenwert einnahm. Beim Gauturnfest 1932 wirken in Delmenhorst 100 Fechter aus Wilhelmshaven, Bremen, Oldenburg und der veranstaltenden Stadt selbst mit. Die Damen und Herren hatten noch ihre gesonderten Vorf\u00fchrungen Die wei\u00dfen, leicht pludrigen langen Hosen und Anz\u00fcge gehorchten der Mode ihrer Zeit, hoben aber diesen Wettkampfsport zugleich sehr bewusst von anderen Disziplinen ab. \u201eWir von der Deutschen Turnerschaft wiesen es emp\u00f6rt zur\u00fcck, in Unterhosen rumzulaufen\u201c, entr\u00fcstete sich Heinrich Kleemeyer mit Vergn\u00fcgen \u00fcber die Aufregung vieler Sportfreunde, denen das Ambiente der freien Fechter nicht zusagte.<\/p>\n<p>1927 entschloss sich Kleemeyer, seinem Abenteuerdrang zu folgen und f\u00fcnf Jahre lang sein Gl\u00fcck als freier Maler in amerikanischen Studios zu suchen. Aber auch hier lie\u00df ihn das Fechten nicht los, er wurde Mitglied im deutsch-amerikanischen Fechtclub. Und brachte neue Erkenntnisse mit zur\u00fcck, in die alte Welt. Die etwa 30 Mitglieder, die sich w\u00e4hrend seiner Abwesenheit vom DTV getrennt und zu einem eigenen Fechtclub zusammengeschlossen hatten, empfingen den verloren geglaubten Freund mit weit ge\u00f6ffneten Armen. Dann aber trat der zweite Weltkrieg auf den Plan, zerst\u00f6rte neben vielen anderen auch diese kleine Gemeinschaft. Kleemeyer wurde 1945 als Fechtlehrer zur Ausbildung der Offiziere herangezogen, zun\u00e4chst bei den Franzosen wie sp\u00e4ter auch bei den Engl\u00e4ndern, die als Sportfanatiker der Hockey- wie den Fechtfreunden gr\u00fcnes Licht zur neuen Vereinskonstituierung gaben.<\/p>\n<p>Heinrich Kleemeyer erhielt schon bald die Aufgabe des Bezirksfechtwarts, nun h\u00e4tte er sich auch Reisender in Sachen Fechtsports nennen k\u00f6nnen! An den Wochenenden fuhr er auf seiner Vespa ungez\u00e4hlte Kilometer zwischen Osnabr\u00fcck und Emden, von Lingen bis Wildeshausen, bis hoch nach Brake in die Wesermarsch gleicherma\u00dfen als Lehrer und Pr\u00fcfer, als Turnierleiter und Organisator.<br \/>\nSeitdem die Ritter- und Degenromantik von neuen Helden aus dem Weltall wie Alf und anderen skurrilen Artgenossen abgel\u00f6st wurde, muss sich der Anf\u00e4nger von vornherein auf die Ernsthaftigkeit des Fechtsports einlassen. Nat\u00fcrlich darf er zun\u00e4chst sich und den Verein testen, bevor er sich endg\u00fcltig entschlie\u00dft, den Gr\u00fcn-Wei\u00dfen beizutreten, um den gro\u00dfen dieser Vereinstraditionen\u00a0 &#8211; Mario Antonini, Horst Duden, Heinrich Kleemeyer selbst oder Gisela Lehnhoff \u2013 auf den Spuren zu folgen.<\/p>\n<p>Nach einiger Zeit wird der Neuling feststellen k\u00f6nnen, wohin ihn sein weiterer Weg f\u00fchrt. Nicht nur zu spektakul\u00e4ren Erfolgen, sondern zur Freude am Umgang mit den Waffen, an der Teilnahme an Turnieren und am Sich-messen-D\u00fcrfen mit Gegnern, die hinter der Maske Freunde bleiben. Er wird Heinrich Kleemeyer nachleben, der mit seiner Person weit in die Delmenhorster Sportgeschichte zur\u00fcckreicht.<\/p>\n<p>Wir danken dem Delmenhorster Kreisblatt f\u00fcr die Erlaubnis, aus dem Buch:<br \/>\n\u201cDelmenhorster Sportspiegel Gestern Heute Morgen\u201c von Paul Wilhelm Gl\u00f6ckner und Angelika Cromme vom Verlag Siegfried Rieck Delmenhorst (heute Verlag RIECK GmbH &amp; Co. KG) von 1989, den Artikel \u201cPersonifizierte Sportgeschichte Heinrich Kleemeyer und das Fechten\u201c (Seite 81-82)\u201e \u00a0hier auf unserer Homepage zu ver\u00f6ffentlichen.<\/p>\n","protected":false},"excerpt":{"rendered":"<p>Personalisierte Sportgeschichte: Heinrich Kleemeyer und das Fechten Fechten ist eine Kunst ohne T\u00fccke \u2013 ein ehrlicher, sauberer, fairer Kampf. Ein Kampf freilich, der in fr\u00fcheren Zeiten zumeist t\u00f6dlich ausging und bei dem bis ins 15. Jahrhundert hinein alle Mittel erlaubt waren. Nicht zuletzt durch die Erfindung leichter Waffen entwickelte er sich dann zu einer sportlichen &hellip; <\/p>\n<p class=\"link-more\"><a href=\"https:\/\/fechtsport-online.de\/?page_id=2\" class=\"more-link\"><span class=\"screen-reader-text\">\u201eGeschichte des Fechtens in Delmenhorst\u201c<\/span> weiterlesen<\/a><\/p>\n","protected":false},"author":2,"featured_media":43,"parent":0,"menu_order":0,"comment_status":"closed","ping_status":"open","template":"","meta":{"footnotes":""},"class_list":["post-2","page","type-page","status-publish","has-post-thumbnail","hentry"],"_links":{"self":[{"href":"https:\/\/fechtsport-online.de\/index.php?rest_route=\/wp\/v2\/pages\/2","targetHints":{"allow":["GET"]}}],"collection":[{"href":"https:\/\/fechtsport-online.de\/index.php?rest_route=\/wp\/v2\/pages"}],"about":[{"href":"https:\/\/fechtsport-online.de\/index.php?rest_route=\/wp\/v2\/types\/page"}],"author":[{"embeddable":true,"href":"https:\/\/fechtsport-online.de\/index.php?rest_route=\/wp\/v2\/users\/2"}],"replies":[{"embeddable":true,"href":"https:\/\/fechtsport-online.de\/index.php?rest_route=%2Fwp%2Fv2%2Fcomments&post=2"}],"version-history":[{"count":1,"href":"https:\/\/fechtsport-online.de\/index.php?rest_route=\/wp\/v2\/pages\/2\/revisions"}],"predecessor-version":[{"id":42,"href":"https:\/\/fechtsport-online.de\/index.php?rest_route=\/wp\/v2\/pages\/2\/revisions\/42"}],"wp:featuredmedia":[{"embeddable":true,"href":"https:\/\/fechtsport-online.de\/index.php?rest_route=\/wp\/v2\/media\/43"}],"wp:attachment":[{"href":"https:\/\/fechtsport-online.de\/index.php?rest_route=%2Fwp%2Fv2%2Fmedia&parent=2"}],"curies":[{"name":"wp","href":"https:\/\/api.w.org\/{rel}","templated":true}]}}